iple of 5?
True
Does 174 divide 214261387?
False
Is 447 a factor of 50668997?
False
Is 623 a factor of 2988523040?
False
Does 88 divide 9314976?
True
Is 986 a factor of 46600332?
True
Is 16 a factor of 332112?
True
Is 57 a factor of 3122303820?
True
Is 60980766 a multiple of 114?
True
Is 149 a factor of 7486647?
False
Does 20 divide 9071700?
True
Does 98 divide 26893454?
True
Is 27 a factor of 3352482?
True
Is 995 a factor of 1043972905?
True
Is 10 a factor of 3234280960?
True
Is 998 a factor of 14543854?
True
Does 11246 divide 184771780?
True
Is 99825334 a multiple of 721?
True
Is 3865 a factor of 1532074405?
True
Is 2970332193 a multiple of 150?
False
Is 132486610 a multiple of 170?
True
Is 25 a factor of 37438950?
True
Is 600 a factor of 234204373?
False
Is 439 a factor of 23801702?
True
Does 68 divide 201526477?
False
Does 678 divide 33981360?
True
Does 241 divide 8565771?
False
Is 94 a factor of 4169026?
False
Is 47 a factor of 712388400?
True
Is 1248 a factor of 216343296?
True
Does 12 divide 56051024?
False
Is 24 a factor of 81805008?
True
Does 24 divide 749953200?
True
Is 256 a factor of 461170315?
False
Does 5708 divide 131761310?
False
Does 46 divide 258125458?
True
Is 14 a factor of 23122041?
False
Does 26 divide 136249066?
False
Is 756 a factor of 33867288?
True
Is 83200659 a multiple of 25?
False
Does 150 divide 161032420?
False
Is 44 a factor of 7858598?
False
Is 152 a factor of 5366816?
True
Is 1814 a factor of 89702300?
True
Does 76 divide 615670877?
False
Is 14 a factor of 55996024?
True
Does 3 divide 127968792?
True
Is 454 a factor of 433145318?
False
Is 347 a factor of 4335261?
False
Is 48 a factor of 8370000?
True
Is 4088609 a multiple of 7?
True
Is 768837926 a multiple of 3051?
False
Is 13 a factor of 7156046716?
True
Is 77 a factor of 9961708?
False
Is 8744621713 a multiple of 11?
False
Does 2597 divide 3889761?
False
Is 101712306 a multiple of 2699?
False
Is 6 a factor of 883834367?
False
Is 1765 a factor of 1179336147?
False
Is 3125159587 a multiple of 19?
False
Is 33 a factor of 35742597?
True
Does 650 divide 15652650?
True
Is 66098028 a multiple of 2?
True
Is 108463280 a multiple of 148?
True
Is 5896860 a multiple of 290?
True
Does 2848 divide 44204020?
False
Is 7602613 a multiple of 6?
False
Does 4 divide 1387616598?
False
Is 521 a factor of 125228602?
True
Is 456580422 a multiple of 367?
False
Is 78 a factor of 53179932?
True
Is 146060 a multiple of 1090?
True
Is 1135 a factor of 245027205?
True
Is 391 a factor of 826189?
False
Does 44 divide 786962836?
True
Is 25 a factor of 63744821?
False
Does 36 divide 62085456?
True
Is 119 a factor of 1526884954?
True
Is 62 a factor of 24041120?
True
Is 112 a factor of 7620480?
True
Does 12 divide 68436132?
True
Does 45 divide 107395335?
True
Does 11 divide 341426833?
True
Is 230 a factor of 333547012?
False
Is 98397013 a multiple of 545?
False
Is 23 a factor of 206769947?
False
Is 184 a factor of 38306532?
False
Does 160 divide 42286392?
False
Does 122 divide 6807966?
True
Is 99777753 a multiple of 258?
False
Does 9 divide 645385956?
False
Is 433 a factor of 664410788?
True
Does 96 divide 236593651?
False
Does 41 divide 60359329?
False
Does 38 divide 31547844?
False
Is 7 a factor of 481281147?
False
Does 1159 divide 9265046?
True
Is 1295219 a multiple of 23?
False
Does 2130 divide 107449980?
True
Does 2155 divide 444220925?
True
Does 23 divide 157218156?
True
Is 58725136 a multiple of 8?
True
Is 299 a factor of 467316668?
True
Is 4918006 a multiple of 9?
False
Does 387 divide 20811958?
False
Is 81 a factor of 118230516?
True
Does 172 divide 55542592?
False
Does 11 divide 1755290003?
False
Does 8 divide 15748346?
False
Is 2251412883 a multiple of 261?
True
Is 58174480 a multiple of 364?
True
Is 148728461 a multiple of 1045?
False
Is 9140856 a multiple of 2068?
False
Is 36 a factor of 51562367?
False
Is 4235241 a multiple of 236?
False
Is 8716973 a multiple of 171?
False
Is 146349995 a multiple of 5?
True
Does 3027 divide 91404692?
False
Is 1143 a factor of 71496207?
False
Does 917 divide 73056783?
False
Does 403 divide 46627906?
True
Is 2191192960 a multiple of 64?
True
Does 752 divide 116382152?
False
Is 3249800 a multiple of 2?
True
Is 2272826260 a multiple of 958?
True
Does 274 divide 1091039168?
False
Is 51 a factor of 9381042?
True
Is 1785405 a multiple of 5?
True
Is 59596704 a multiple of 24?
True
Does 139 divide 7065311?
False
Is 326385000 a multiple of 50?
True
Is 1515668700 a multiple of 4956?
True
Is 7 a factor of 2060947?
True
Is 10934 a factor of 3151127129?
False
Is 1312 a factor of 15884384?
True
Is 492 a factor of 48829212?
False
Is 16 a factor of 129829888?
True
Is 56 a factor of 1419980926?
False
Is 28118129 a multiple of 668?
False
Is 14 a factor of 2994320?
True
Does 227 divide 85099122?
True
Is 8 a factor of 63127664?
True
Is 23 a factor of 803155901?
False
Is 179687664 a multiple of 48?
True
Is 36 a factor of 18801828?
True
Does 278 divide 8510730?
False
Is 32 a factor of 63240800?
True
Is 142 a factor of 44627231?
False
Is 4702040 a multiple of 392?
True
Does 10 divide 8166923?
False
Is 1881 a factor of 177852312?
True
Is 33634636 a multiple of 7?
True
Is 31637646 a multiple of 51?
True
Does 161 divide 1937444859?
True
Is 11 a factor of 11757724?
True
Is 107705818 a multiple of 46?
False
Does 50 divide 278902634?
False
Does 7 divide 17457301?
False
Is 14 a factor of 6174098?
True
Does 20 divide 198505580?
True
Is 802 a factor of 1836716340?
True
Does 1921 divide 781701004?
True
Is 77 a factor of 50749144?
False
Is 1386771438 a multiple of 183?
True
Is 22 a factor of 364506485?
False
Does 41 divide 173590720?
True
Does 124 divide 1642876?
True
Is 39 a factor of 656302491?
True
Is 6160455 a multiple of 5?
True
Does 1055 divide 2575471057?
False
Does 12 divide 889542684?
True
Does 6 divide 258581322?
True
Is 226144450 a multiple of 181?
False
Is 1356 a factor of 12775488?
False
Does 65 divide 618389262?
False
Does 5444 divide 116097179?
False
Is 636 a factor of 4030295748?
True
Is 409454404 a multiple of 4605?
False
Does 22 divide 1362548066?
True
Is 7141722 a multiple of 141?
False
Is 1012914565 a multiple of 1226?
False
Does 519 divide 76561572?
False
Is 23616626 a multiple of 10?
False
Is 7 a factor of 168506053?
False
Does 809 divide 108674892?
False
Is 4574 a factor of 1114979720?
False
Does 149 divide 115297525?
False
Is 5 a factor of 1458373557?
False
Does 4978 divide 464288104?
True
Is 62408498 a multiple of 43?
False
Is 39861861 a multiple of 30?
False
Is 3157840 a multiple of 208?
False
Is 145 a factor of 788405389?
False
Is 9088879 a multiple of 6?
False
Is 22 a factor of 3797456938?
True
Is 7 a factor of 27288263?
False
Does 74 divide 7841266?
False
Is 271442398 a multiple of 476?
False
Is 47033941 a multiple of 1493?
False
Does 5756 divide 8101834776?
True
Is 704557745 a multiple of 4?
False
Is 863169240 a multiple of 19?
True
Is 130811868 a multiple of 594?
True
Is 22 a factor of 69437038?
True
Does 594 divide 54654850?
False
Does 91 divide 55902621?
False
Is 6825582 a multiple of 388?
False
Does 5 divide 134571940?
True
Is 35 a factor of 268083655?
True
Does 643 divide 348522718?
True
Does 935 divide 41890805?
True
Is 378 a factor of 577299366?
True
Is 537 a factor of 18284313?
True
Does 5 divide 5088021?
False
Is 823234955 a multiple of 2005?
True
Is 5128837835 a multiple of 39?
False
Is 459 a factor of 57340180?
False
Is 560 a factor of 1766332?
False
Does 358 divide 399363320?
True
Is 207755720 a multiple of 446?
True
Is 462089320 a multiple of 1771?
True
Is 27160522 a multiple of 463?
False
Does 10 divide 271228?
False
Is 49913570 a multiple of 70?
True
Is 7170396 a multiple of 12?
True
Does 225 divide 130777425?
True
Is 1086879546 a multiple of 3320?
False
Is 189164128 a multiple of 176?
False
Does 53 divide 5376214?
True
Is 171784851 a multiple of 249?
True
Is 1725 a factor of 1581644097?
False
Is 63 a factor of 414464337?
True
Is 2044 a factor of 9445097?
False
Is 6831 a factor of 389222170?
False
Is 43004415 a multiple of 191?
False
Is 1134 a factor of 8586728?
False
Does 12 divide 1360623125?
False
Is 12 a factor of 48353391?
False
Does 30 divide 13777915?
False
Is 218 a factor of 63516044?
True
Is 128 a factor of 5712940?
False
I